rime factors of l.
7
Suppose 5*o - l - 71 = 2*l, 4*o - 5*l = 49. What are the prime factors of o?
2
Let s = 4 - 2. Let w be 8 + 5/(10/(-6)). Suppose 0*p - w = -p + 2*a, -25 = -s*p + a. What are the prime factors of p?
3, 5
Let g be (9/6)/(-3)*0. Suppose 6 = -2*i - 4*k - 4, k + 5 = g. Suppose i = 2*b - b. What are the prime factors of b?
5
What are the prime factors of 7/((-14)/(-4)) + 9?
11
Let h = -7 - -10. List the prime factors of -70*(0 - h/6).
5, 7
Suppose 0*t + t - 180 = -5*v, -5*t - 2*v + 923 = 0. Suppose 32 = 2*u + 3*n - 46, -5*n + t = 5*u. List the prime factors of u.
3, 11
Suppose -3*q = 5*d - 1, -3*q - 4*d - 2 = -1. Let s = 1 - q. Suppose c + 3*p = 6*c - 19, 0 = -2*c - s*p - 8. List the prime factors of c.
2
Let c(u) = u - 5. Let y be c(10). Suppose -y*q + 30 = -0*q. List the prime factors of q.
2, 3
Suppose -a = -3*v + 15 + 13, 0 = a - 5. List the prime factors of v.
11
Suppose -3*z + 12 = 3*o, -3*o = 2*o - z + 4. Suppose d - 5*s + 13 - 38 = 0, o = 4*d - 2*s - 28. List the prime factors of d.
5
Suppose -3*v - 39 = -0*v. What are the prime factors of v/(-3) - 1/3?
2
Let x(u) = 2*u + 13. Let p be x(-9). Let v be (-2)/(-10) - 29/p. Suppose 2*k - v - 4 = 0. What are the prime factors of k?
5
List the prime factors of (-824)/(-16) - 3/(-6).
2, 13
Let s(x) = x**2 - 2*x + 1. Let b be s(4). Let v = b + -6. Suppose i - 36 = -3*i - 5*w, 0 = -5*i + v*w + 45. List the prime factors of i.
3
Suppose 0 = -2*j + 14 - 4. Let p = j + 0. List the prime factors of p/(5/3) + 0.
3
List the prime factors of ((-203)/(-2))/((-7)/(-14)).
7, 29
Let q(d) = -d**2 + 32*d - 32. What are the prime factors of q(22)?
2, 47
Let p(n) = n**3 + 5*n**2 + 2. Let i be p(-5). List the prime factors of (-94)/(-6) - i/3.
3, 5
Let s(f) = f**2 + 12*f + 5. List the prime factors of s(-13).
2, 3
Let g(t) = t - 2. Let x be g(5). Suppose 2*s - 93 = 2*y + x*y, 5*y = -25. Suppose s - 4 = 3*v. What are the prime factors of v?
2, 5
Let w be 17/3 + 2/(-3). Suppose 0 - w = -m. What are the prime factors of m?
5
Suppose -3*d = -2*z - 2, -3*z - 3*d - 2 = -7*d. Suppose -z*w = 3*l - 10, -2*l - 11 + 36 = 3*w. What are the prime factors of w?
11
Let a(x) = 7*x + 3. Let n(w) = 8*w + 2. Let v(m) = 6*a(m) - 5*n(m). Let s be v(6). What are the prime factors of 8/s + (-58)/(-5)?
2, 3
Suppose 5*g = 6*g + 12. Let w = g + 15. List the prime factors of w.
3
Suppose -4*f - 61 = -157. List the prime factors of f.
2, 3
Suppose 0 = 5*n - 6 - 9. Let j(p) = -p - 1. Let k be j(n). What are the prime factors of 11*1 + k + 6?
13
Let g be 1 + 1 + (-2 - -2). Suppose q - 6 = -g*q. What are the prime factors of q?
2
Let x = -38 + 18. List the prime factors of ((-96)/(-20))/((-6)/x).
2
Suppose 0 = -4*x + 3*x + 10. Let p be (6/(-15))/((-1)/x). Suppose p*m = -0*i - 3*i + 27, 5*i - 45 = -m. What are the prime factors of i?
3
Let y(i) = 16*i + 10. Let b be y(5). Suppose 2*m + 2*m - 110 = o, 0 = -3*m - 3*o + b. What are the prime factors of m?
2, 7
Suppose j + 4*i + 0*i = 24, -2*i + 166 = 4*j. List the prime factors of j.
2, 11
Let n be 2/8 - (-2)/(-8). Suppose 68 = -n*c + 4*c. List the prime factors of c.
17
Let m(j) = 2*j**2 - j - 9. What are the prime factors of m(-5)?
2, 23
Let b = 7 - 3. Suppose -l - 2*a = -14, -4*a = -5*a + b. What are the prime factors of l?
2, 3
What are the prime factors of (-6 - -195) + (-1 - -3) + -2?
3, 7
Let x(w) be the second derivative of -w**3/6 + 7*w**2/2 + 4*w. Let s be x(4). Suppose -31 - 20 = -s*h. What are the prime factors of h?
17
Let h(r) = -r**2 - 17*r + 20. Let f be h(-17). Let u(q) = -q**3 - 4*q**2 + 3*q - 1. Let m be u(-5). Let o = f - m. What are the prime factors of o?
11
Let r = 22 - 0. List the prime factors of r.
2, 11
Let b(r) be the third derivative of -5*r**4/24 - 3*r**2. Let o be b(-2). What are the prime factors of ((-14)/(-4))/(5/o)?
7
Suppose 24 + 11 = 5*t. Let s be (-1)/(-1) + 2 + t. Suppose 0*y = -y + s. What are the prime factors of y?
2, 5
Let a = 20 - 22. What are the prime factors of (2 - 116/8)*a?
5
Suppose 3*m + 7 = l, -3*l + m = l + 16. What are the prime factors of (-271)/l + 1/(-5)?
2, 3
Let t = 12 + -8. Suppose 5*p = 14 - t. What are the prime factors of p?
2
Let v be -1 + 0 + 0 + 0. What are the prime factors of (3/(-6))/(v/30)?
3, 5
Suppose 2*j - 2*r + 1 - 17 = 0, 3*j + 6 = -3*r. Suppose -j*i + 95 = 2*i. List the prime factors of i.
19
Let s(l) = -l**3 + 5*l**2 - 9*l - 6. Let y(u) = -4*u**3 + 14*u**2 - 27*u - 19. Let r(b) = 7*s(b) - 2*y(b). What are the prime factors of r(-8)?
2
Let g(j) = 11*j**2 + 13 + 9*j + 4*j - 12*j**2. What are the prime factors of g(11)?
5, 7
List the prime factors of -8 + 95 + 0 + 2.
89
Let w(a) = a - 3. Suppose 2 + 13 = -3*l. Let u be w(l). Let z = u - -14. What are the prime factors of z?
2, 3
Suppose -5*m + 432 = 4*m. Let d = 26 - -3. Let o = m - d. What are the prime factors of o?
19
Let a = 16 - 11. Suppose a*d + 0 - 200 = 0. List the prime factors of d.
2, 5
Let u(o) = -26*o - 46. List the prime factors of u(-8).
2, 3
Let x(d) be the third derivative of 7*d**4/24 + 2*d**3/3 + d**2. List the prime factors of x(3).
5
Let v be -2*4/(8/(-3)). Let g = v + 3. What are the prime factors of g?
2, 3
List the prime factors of 2 - 1*9*-1.
11
Suppose -4 - 6 = -2*m. Suppose h + 0*h = m. Suppose i = -4, h*k - 3*i = i + 86. List the prime factors of k.
2, 7
Let o be 126/(-5)*20/(-6). Let r = -56 + o. List the prime factors of r.
2, 7
Let w be 3/((-3)/84*-6). What are the prime factors of ((-18)/(-7))/(3/w)?
2, 3
Suppose -z + 6 = 2. Suppose -4*q + z*d + 37 = -71, -5*q = d - 165. What are the prime factors of q?
2
List the prime factors of ((-73)/(-3))/((-15)/9 - -2).
73
Let j = 2 + -2. Suppose 2*m + 0*m + 4*q = j, 3*m = q - 21. What are the prime factors of 31/11 - m/33?
3
Suppose 3*x - c - 28 = 0, -3*x + c + 44 = 2*x. What are the prime factors of (x/(-10))/((-1)/5)?
2
Let a(n) = 8*n**2 + n - 1. Let y be (9/6)/((-12)/(-8)). List the prime factors of a(y).
2
Let s = -11 - -31. List the prime factors of s.
2, 5
Let x = -8 + 37. What are the prime factors of x?
29
Let p be ((-7)/21)/((-2)/(-6)). Let m be ((-2 - p) + -1)*-13. Suppose 3*v + o - m = 0, -5*v + 4*o = -22 - 10. List the prime factors of v.
2
Suppose 130 = -2*t + 4*t. Suppose -5*q + 70 + t = 0. List the prime factors of q.
3
Let z(f) = -2*f**3 - 2*f**2 - 5*f - 27. Let n = 3 + 4. Let t(i) = i**3 + i**2 + 2*i + 13. Let c(s) = n*t(s) + 3*z(s). List the prime factors of c(0).
2, 5
Let m(l) be the second derivative of l**7/2520 - l**6/120 + l**5/30 + l**4/6 + 2*l. Let p(a) be the third derivative of m(a). List the prime factors of p(6).
2
Suppose 96 + 26 = 4*b + 2*w, 2*w - 58 = -2*b. Suppose -16*h - b = -17*h. What are the prime factors of h?
2
Let k(i) = 3*i - 2. Let u be k(3). Let v = u - 2. What are the prime factors of 37/v + 2/(-5)?
7
Let p = -16 - -25. What are the prime factors of p?
3
Suppose -5 = 4*k + 23. Let t be ((-6)/(-3))/2 + k. What are the prime factors of (-50)/t + (-8)/(-12)?
3
Let c = -10 + 77. What are the prime factors of c?
67
Suppose 3*z + 4 = 40. Let g = z + -9. Let q(c) = 2*c**2 - 5*c + 2. What are the prime factors of q(g)?
5
Suppose -4*s - 2*x + 4 = 0, 2*s - 20 = -3*s + 5*x. Let v(u) = 4*u**2 + 1 - 4*u - u**3 + 2*u**3 - s*u**2 + 0*u**3. What are the prime factors of v(-3)?
2
What are the prime factors of 1*(62 + 15/3)?
67
Let f(y) = 12*y**2 + 3*y - 1. Let x be f(2). Suppose 5*u = 3*d + 20 - x, 5*d = 4*u + 68. What are the prime factors of d?
2
Let m(v) = 2*v**2 - 10*v + 5. Let t be m(7). Suppose -4*p + 52 = 4*a, 0*a - t = -3*p - a. List the prime factors of p.
2, 5
Let l(t) be the third derivative of t**6/40 - t**3/6 - t**2. Let h be l(-1). What are the prime factors of (2/h)/((-1)/18)?
3
Let f be ((-16)/(-12))/(1/3). Suppose -46 = -f*t - 2. What are the prime factors of t?
11
Suppose 3*w = 14 - 5. Suppose -w*z = -4 + 1. List the prime factors of (9/(-9))/(z/(-21)).
3, 7
Let l = 158 - 71. What are the prime factors of l?
3, 29
Suppose l - 4*l + 81 = 0. List the prime factors of l.
3
Suppose 2*m + 250 = 5*z - 3*m, 0 = 4*z - 3*m - 204. What are the prime factors of z?
2, 3
Let a be 4/2 + -1 + 2. Suppose 0 = 2*y - q - 3*q - 4, a*q = 0. Suppose 80 = 3*k + y*k. List the prime factors of k.
2
Suppose -2*w + 4*q = -38, -3*q = -5*w - 5*q + 107. List the prime